ivative of 2*t**3/3 + 19*t**2/2 + 27*t + 37. Let w be u(-8). Suppose -w*b = v - 262, 0 = 7*v - 2*v + 25. List the prime factors of b.
89
Let v be 10 + -6 - (-78 + -1). Suppose v - 11 = d. Suppose 3*s = d + 249. What are the prime factors of s?
107
Let t be 2 + (-145)/(-29)*(0 + -1). Suppose d - 6 = -m + 31, -5*d + 74 = 2*m. Let n = m + t. What are the prime factors of n?
2, 17
Suppose -12 = -4*w - 2*d, 3*w - 2*d - 3 = 2*w. Suppose 0 = 4*q - 2*x - 732, 5*x = 3*q + w*x - 549. List the prime factors of q.
3, 61
Suppose -3*x - 11 - 4 = 5*m, 0 = -x - 5*m - 15. Suppose 0*q + 8*q + 1176 = x. Let b = 275 + q. List the prime factors of b.
2
What are the prime factors of 5996 - (110/25)/11*-20?
2, 19, 79
List the prime factors of (32/20)/4 + 3*(-687087)/(-135).
15269
Suppose 132278 + 86296 = 26*m - 148546. List the prime factors of m.
2, 5, 353
Suppose 5*a - 2*a = 5*g + 473, -g = 2*a - 298. Let p = a + -388. Let k = p + 409. What are the prime factors of k?
2, 43
Let x = -198 - 125. Let p be (-1)/2*(585 - 283). Let n = p - x. List the prime factors of n.
2, 43
Let q(l) = l**3 - 37*l**2 - 48. What are the prime factors of q(41)?
2, 1669
Let t(v) = -18 - 329*v - 17 - 3 + 45. List the prime factors of t(-1).
2, 3, 7
Suppose n - r = 20, -4*r + 8*r = -3*n + 53. Suppose 430 = 21*k - n*k. What are the prime factors of k?
5, 43
Let b be 3/(-9) - (-13)/3. Suppose 0 = -b*z - 0 - 4. What are the prime factors of (-2 + z + -24)*-2?
2, 3
Suppose -3*x + 3*a + 216273 = 0, -x + 23*a = 24*a - 72109. What are the prime factors of x?
2, 5, 7, 103
Suppose 56 + 28 = -3*h. Let v(j) = -63*j. Let r(d) = -7*d. Let o(w) = h*r(w) + 3*v(w). List the prime factors of o(1).
7
Let w be 7/((-35)/(-4))*(-885)/6. Let q be ((-20)/4)/(-5) - -244. Let l = q + w. What are the prime factors of l?
127
Suppose -2*k + 0*k = -222. Suppose 4*b = -145 - k. What are the prime factors of (4 - b/8)/(3/34)?
2, 17
Suppose 12 = -2*p + 3*p. Suppose 3*t = p, -4*g + 14 + 10 = 2*t. Suppose -2*h - g*b = -6*h + 460, 4*b = -20. What are the prime factors of h?
2, 5, 11
Suppose -8*k = -9*k + 3*n, -6 = k + 3*n. Let l be ((-4)/k)/4*2007. Let i = -431 + l. List the prime factors of i.
2, 7, 17
What are the prime factors of 80/(-12)*26/(104/(-1626))?
2, 5, 271
Let b be -2*(-53)/2*(-38 + 33). Let p = b + 548. Suppose -3*m + 38 = -p. What are the prime factors of m?
107
Let i be (-1 - -5) + (7 - 0) + -1. Let t be 3 + 1 + -2 + -2. Suppose -k = k - i, c + k - 59 = t. What are the prime factors of c?
2, 3
List the prime factors of 121/(-44)*30/(-33)*1668.
2, 3, 5, 139
Suppose -k - 3*r + 6*r = -7610, -38086 = -5*k - 3*r. List the prime factors of k.
2, 7, 17
What are the prime factors of (-127)/(27105/1695 - 16)?
113, 127
Let r(z) = -7*z - 5. Let s be r(4). Let b = s - -21. Let c = b - -29. List the prime factors of c.
17
Let c = 30 - 30. Suppose c = -4*y + 4*s + 720, 5*s + 195 = y + s. Suppose y = 14*a - 9*a. What are the prime factors of a?
5, 7
Let u = 82 - 73. Suppose 3*z - u = 0, 141 = -2*j + z - 60. What are the prime factors of (4/6)/((-11)/j)?
2, 3
List the prime factors of ((-2075)/(-249))/(2/1446).
5, 241
Let v be 64/(-48)*(-9)/(-4). List the prime factors of ((-65)/20 - v)/(1/(-356)).
89
Let u(b) be the first derivative of -b**4/4 - 13*b**3/3 + 2*b**2 + 5*b - 90. What are the prime factors of u(-15)?
5, 79
Suppose 1091916 = -2616*z + 2630*z. List the prime factors of z.
2, 3, 7, 619
List the prime factors of (-3)/(-8)*1 + (-3)/((-792)/11172909).
2, 7, 3023
Suppose -r + 7*m = 3*m - 122, 0 = -3*r - 4*m + 318. Suppose 105*o + 840 = r*o. What are the prime factors of o?
2, 3, 7
Suppose 4*p = -20, 4*p + 3135 + 111271 = 2*n. What are the prime factors of n?
57193
Let f = 13 - -3339. What are the prime factors of f?
2, 419
Suppose 33*d - 686 = 19*d. Let u be (-432)/(-6) + -1*2. Suppose 44*b = d*b - u. List the prime factors of b.
2, 7
Let o be (7*1)/(25/6750). Suppose 6*g + o = 16*g. What are the prime factors of g?
3, 7
Let y = -32 - -36. Suppose z = -3*q - 8, -2*z - 3*q = -q - y. Suppose 0 = 11*w - z*w - 812. What are the prime factors of w?
7, 29
Let f(i) = -8*i**2 + 19*i**2 + 6 + 4*i**3 - 3*i**3 + 10*i - 6*i**2. Let y be f(-5). Let j = 36 - y. What are the prime factors of j?
2, 5
Let m = 260 - 532. Let u = m + 552. List the prime factors of u.
2, 5, 7
Suppose -3*c - 2*w + 38493 = 0, -289*c + 3*w = -292*c + 38493. List the prime factors of c.
3, 7, 13, 47
What are the prime factors of (-2)/((-1272392)/(-181773) + -7)?
2, 3, 1063
Let o(z) be the second derivative of -z**5/20 + 25*z**4/12 - 4*z**3/3 - 61*z**2/2 - 200*z. List the prime factors of o(23).
3, 271
Let a(j) = 115*j + 1877. What are the prime factors of a(18)?
3947
Let m(y) = 104*y + 20. Let q(i) = i**2 + 4*i - 10. Let l(t) = -2*t**2 - 7*t - 2. Let f be l(-4). Let j be q(f). What are the prime factors of m(j)?
2, 3, 19
Let k = 16 + -14. Suppose -k*l - 105 = 3*l. Let x = 51 - l. List the prime factors of x.
2, 3
Suppose 39*x - 18 = 36*x. Suppose -688 - 2000 = -x*j. What are the prime factors of j?
2, 7
Suppose 4*g = 3*k + 28, 5*g - 14 = 2*k - 0. Let z(a) = 2*a + 98. Let w(h) = -3*h - 145. Let y(j) = 5*w(j) + 8*z(j). What are the prime factors of y(k)?
47
Let n be 1/2 + (-50)/(-20). Let c(s) = s + 11*s**3 + 0*s**n + 53 - 12*s**3. List the prime factors of c(0).
53
Let f = 185 - 186. What are the prime factors of 506/6 + (-12)/(-18) + f?
2, 3, 7
Let a = 268 + -264. Suppose 5*s + 2*b - 203 = -2*b, -s - a*b + 47 = 0. What are the prime factors of s?
3, 13
Let g be (-6)/33 - ((-772)/11)/1. Let c be (1 + -13)/((-15)/g). Suppose -22 = -3*d + c. What are the prime factors of d?
2, 13
Let m be (-2)/4 - (-2901)/6. Let k(g) = 3*g**2 - 77*g + 192. Let q be k(23). Suppose -w + q*w = m. What are the prime factors of w?
3, 23
Suppose 267106 = -99*c + 113*c. List the prime factors of c.
19079
Suppose 17*l + 40*l = 2565. List the prime factors of l.
3, 5
Let y(w) = -w**3 + 20*w**2 - 53*w - 43. What are the prime factors of y(-16)?
11, 911
Let p(q) = 2968*q**2 + 55*q - 177. What are the prime factors of p(3)?
2, 3, 5, 89
Let u = 29273 + -16932. What are the prime factors of u?
7, 41, 43
Let r = 7 + -3. Suppose -y + r - 1 = 0. Suppose y*m = -2*m + 30. List the prime factors of m.
2, 3
Let q(v) = -v**3 - 89*v**2 - 62*v - 858. What are the prime factors of q(-90)?
2, 3, 2137
List the prime factors of 22645 - (-1 + (-19 - -9) - -7).
11, 29, 71
Suppose 604*s = 38088711 + 3032213. What are the prime factors of s?
13, 5237
Suppose 0 = 3*s - 4*w - 29, -3*w + 18 = s + 4. Suppose -432 = -s*i - 245. List the prime factors of i.
17
Let v = -24047 + 26957. List the prime factors of v.
2, 3, 5, 97
Suppose 27*b - 2250 = 21*b. Let p = -255 + b. List the prime factors of p.
2, 3, 5
Let z(a) = 689*a - 2107. List the prime factors of z(17).
2, 3, 1601
Let j = 1184 - -1172. List the prime factors of j.
2, 19, 31
Suppose 0 = 4*q - 6*q - 934. Let r = 836 + q. Suppose 4*p - 709 = -5*x, 0 = 3*p + 5*x - 164 - r. What are the prime factors of p?
2, 11
Suppose 0 = 5*z - 7 - 13. Suppose k + 5*t = -0*k + 376, t - z = 0. List the prime factors of k.
2, 89
Suppose 0 = -15*w + 17*w - 34. Let l = w - 15. Suppose -3*r + 25 = l*r. What are the prime factors of r?
5
Let j be 2 - 24690/(-2) - (-55 - -60). Suppose -3*c - j = -37*c. What are the prime factors of c?
3, 11
Let y(x) = 10*x**2 + 4*x + 3. Let a be y(-1). What are the prime factors of a/6*(2254/3)/7?
7, 23
Let u(c) = 3*c**3 - 9*c**2 - 8*c - 12. Let k be u(4). Let y be ((-3)/(-2))/3*10. Suppose -l + 3*l + k*m = 46, -2*l + 42 = y*m. List the prime factors of l.
31
Suppose 0*q = 11*q - 99. Suppose y - 4*t - 136 = 0, 14*t - q*t = -y + 109. List the prime factors of y.
2, 31
Suppose -48*k - 31266 = -60*k + 11214. List the prime factors of k.
2, 3, 5, 59
Let w = 140 + -80. Let s be ((-1448)/10)/((-3)/(w/8)). Suppose 4*d = s + 58. What are the prime factors of d?
3, 5, 7
Suppose -227*x + 242*x - 179250 = 0. What are the prime factors of x?
2, 5, 239
Suppose 49*q + 48 = 57*q. List the prime factors of ((-72)/(-84))/q + (-6914)/(-14).
2, 13, 19
Let v be 3/9 + (-220)/(-15). Let q(u) = -7 + 1 - 1 - 5 + v*u + 2*u**2. What are the prime factors of q(-13)?
131
Let o(s) = 3*s - 1. Let j be o(-1). Let h be j + (0/(-3))/(1*2). List the prime factors of (h + 5)/(2